Nov 30 21:15:15.637 INFO testing wass88/rust-with-gitpod against master#8940af3cea4a9a9deabcaf843b2f8cad9a83fc61 for beta-1.31-5
Nov 30 21:15:15.637 INFO running `"docker" "create" "-v" "/mnt/big/crater/work/local/target-dirs/beta-1.31-5/worker-6/master#8940af3cea4a9a9deabcaf843b2f8cad9a83fc61:/target:rw,Z" "-v" "/mnt/big/crater/work/local/test-source/worker-6/beta-1.31-5/master#8940af3cea4a9a9deabcaf843b2f8cad9a83fc61:/source:ro,Z" "-v" "/mnt/big/crater/work/local/cargo-home:/cargo-home:ro,Z" "-v" "/mnt/big/crater/work/local/rustup-home:/rustup-home:ro,Z" "-e" "USER_ID=1000" "-e" "SOURCE_DIR=/source" "-e" "USER_ID=1000" "-e" "CMD=cargo +8940af3cea4a9a9deabcaf843b2f8cad9a83fc61-alt build --frozen" "-e" "CARGO_TARGET_DIR=/target" "-e" "CARGO_INCREMENTAL=0" "-e" "RUST_BACKTRACE=full" "-e" "RUSTFLAGS=--cap-lints=warn" "-e" "CARGO_HOME=/cargo-home" "-e" "RUSTUP_HOME=/rustup-home" "-m" "1536M" "--network" "none" "crater"`
Nov 30 21:15:16.133 INFO [stdout] 04bcb2256124aaae0addcf83ab32b44526330c72e6f237beb430e2b78d179ba2
Nov 30 21:15:16.139 INFO running `"docker" "start" "-a" "04bcb2256124aaae0addcf83ab32b44526330c72e6f237beb430e2b78d179ba2"`
Nov 30 21:15:17.754 INFO [stderr] usermod: no changes
Nov 30 21:15:17.909 INFO [stderr]    Compiling yansi v0.4.0
Nov 30 21:15:17.909 INFO [stderr]    Compiling serde v1.0.76
Nov 30 21:15:17.911 INFO [stderr]    Compiling state v0.4.1
Nov 30 21:15:17.913 INFO [stderr]    Compiling ordermap v0.2.13
Nov 30 21:15:17.913 INFO [stderr]    Compiling pear v0.0.20
Nov 30 21:15:17.921 INFO [stderr]    Compiling log v0.4.5
Nov 30 21:15:17.922 INFO [stderr]    Compiling isatty v0.1.8
Nov 30 21:15:17.936 INFO [stderr]    Compiling base64 v0.6.0
Nov 30 21:15:19.147 INFO [stderr]    Compiling crossbeam-epoch v0.3.1
Nov 30 21:15:21.719 INFO [stderr]    Compiling log v0.3.9
Nov 30 21:15:21.999 INFO [stderr]    Compiling pear_codegen v0.0.20
Nov 30 21:15:21.999 INFO [stderr]    Compiling rocket v0.3.16
Nov 30 21:15:21.999 INFO [stderr]    Compiling rocket_codegen v0.3.16
Nov 30 21:15:24.058 INFO [stderr]    Compiling crossbeam-deque v0.2.0
Nov 30 21:15:24.617 INFO [stderr]    Compiling mime v0.2.6
Nov 30 21:15:25.651 INFO [stderr] error: failed to run custom build command for `rocket v0.3.16`
Nov 30 21:15:25.651 INFO [stderr] process didn't exit successfully: `/target/debug/build/rocket-e8632d5f710e389a/build-script-build` (exit code: 101)
Nov 30 21:15:25.651 INFO [stderr] --- stderr
Nov 30 21:15:25.651 INFO [stderr] [1;31mError:[0m [37mRocket requires a nightly or dev version of Rust.[0m
Nov 30 21:15:25.651 INFO [stderr] [37mInstalled version is:[0m [33m1.31.0-beta.20 (2018-11-30)[0m. [37mMinimum required:[0m [33m1.27.0-nightly (2018-04-26)[0m.
Nov 30 21:15:25.651 INFO [stderr] [34mSee the getting started guide ([0m[37mhttps://rocket.rs/guide/getting-started/[0m[34m) for more information.[0m
Nov 30 21:15:25.651 INFO [stderr] thread 'main' panicked at 'Aborting compilation due to incompatible compiler.', /cargo-home/registry/src/github.com-1ecc6299db9ec823/rocket-0.3.16/build.rs:38:13
Nov 30 21:15:25.651 INFO [stderr] stack backtrace:
Nov 30 21:15:25.651 INFO [stderr]    0:     0x5653b935f33f - std::sys::unix::backtrace::tracing::imp::unwind_backtrace::h3a8b83e1922cbdde
Nov 30 21:15:25.651 INFO [stderr]                                at libstd/sys/unix/backtrace/tracing/gcc_s.rs:49
Nov 30 21:15:25.651 INFO [stderr]    1:     0x5653b936ad17 - std::sys_common::backtrace::print::h00d3155a29b4020f
Nov 30 21:15:25.651 INFO [stderr]                                at libstd/sys_common/backtrace.rs:71
Nov 30 21:15:25.651 INFO [stderr]                                at libstd/sys_common/backtrace.rs:59
Nov 30 21:15:25.651 INFO [stderr]    2:     0x5653b9363bdf - std::panicking::default_hook::{{closure}}::hd7465c742e79e1bb
Nov 30 21:15:25.651 INFO [stderr]                                at libstd/panicking.rs:211
Nov 30 21:15:25.651 INFO [stderr]    3:     0x5653b9363944 - std::panicking::default_hook::h9e3966f2aa2a6e12
Nov 30 21:15:25.651 INFO [stderr]                                at libstd/panicking.rs:227
Nov 30 21:15:25.651 INFO [stderr]    4:     0x5653b936420e - std::panicking::rust_panic_with_hook::h587f091ae747d080
Nov 30 21:15:25.651 INFO [stderr]                                at libstd/panicking.rs:476
Nov 30 21:15:25.651 INFO [stderr]    5:     0x5653b9336ac3 - std::panicking::begin_panic::h185025b8b4804e9b
Nov 30 21:15:25.651 INFO [stderr]                                at libstd/panicking.rs:410
Nov 30 21:15:25.651 INFO [stderr]    6:     0x5653b9334b85 - build_script_build::main::h4284e4a3a8df7e1b
Nov 30 21:15:25.651 INFO [stderr]                                at /cargo-home/registry/src/github.com-1ecc6299db9ec823/rocket-0.3.16/build.rs:38
Nov 30 21:15:25.651 INFO [stderr]    7:     0x5653b93373af - std::rt::lang_start::{{closure}}::ha0df32a52ba7057e
Nov 30 21:15:25.651 INFO [stderr]                                at libstd/rt.rs:74
Nov 30 21:15:25.651 INFO [stderr]    8:     0x5653b9363c82 - std::panicking::try::do_call::h52e7f80ff0fdcc45
Nov 30 21:15:25.651 INFO [stderr]                                at libstd/rt.rs:59
Nov 30 21:15:25.651 INFO [stderr]                                at libstd/panicking.rs:310
Nov 30 21:15:25.651 INFO [stderr]    9:     0x5653b9375cc9 - __rust_maybe_catch_panic
Nov 30 21:15:25.651 INFO [stderr]                                at libpanic_unwind/lib.rs:102
Nov 30 21:15:25.651 INFO [stderr]   10:     0x5653b935399a - std::rt::lang_start_internal::h38cae898de7f805c
Nov 30 21:15:25.651 INFO [stderr]                                at libstd/panicking.rs:289
Nov 30 21:15:25.651 INFO [stderr]                                at libstd/panic.rs:392
Nov 30 21:15:25.651 INFO [stderr]                                at libstd/rt.rs:58
Nov 30 21:15:25.651 INFO [stderr]   11:     0x5653b9337388 - std::rt::lang_start::h3f68170055a70037
Nov 30 21:15:25.651 INFO [stderr]                                at libstd/rt.rs:74
Nov 30 21:15:25.651 INFO [stderr]   12:     0x5653b9335a59 - main
Nov 30 21:15:25.651 INFO [stderr]   13:     0x7fd66763f82f - __libc_start_main
Nov 30 21:15:25.651 INFO [stderr]   14:     0x5653b9334228 - _start
Nov 30 21:15:25.651 INFO [stderr]   15:                0x0 - <unknown>
Nov 30 21:15:25.651 INFO [stderr] 
Nov 30 21:15:25.651 INFO [stderr] warning: build failed, waiting for other jobs to finish...
Nov 30 21:15:25.775 INFO [stderr] error: failed to run custom build command for `pear_codegen v0.0.20`
Nov 30 21:15:25.775 INFO [stderr] process didn't exit successfully: `/target/debug/build/pear_codegen-9ebbb5de437ff65a/build-script-build` (exit code: 101)
Nov 30 21:15:25.775 INFO [stderr] --- stderr
Nov 30 21:15:25.775 INFO [stderr] [1;31mError:[0m [37mPear requires a nightly or dev version of Rust.[0m
Nov 30 21:15:25.775 INFO [stderr] [37mInstalled version is:[0m [33m1.31.0-beta.20 (2018-11-30)[0m. [37mMinimum required:[0m [33m1.30.0-nightly (2018-08-23)[0m.
Nov 30 21:15:25.775 INFO [stderr] thread 'main' panicked at 'Aborting compilation due to incompatible compiler.', /cargo-home/registry/src/github.com-1ecc6299db9ec823/pear_codegen-0.0.20/build.rs:31:13
Nov 30 21:15:25.775 INFO [stderr] stack backtrace:
Nov 30 21:15:25.775 INFO [stderr]    0:     0x56016c62e0ff - std::sys::unix::backtrace::tracing::imp::unwind_backtrace::h3a8b83e1922cbdde
Nov 30 21:15:25.775 INFO [stderr]                                at libstd/sys/unix/backtrace/tracing/gcc_s.rs:49
Nov 30 21:15:25.775 INFO [stderr]    1:     0x56016c639ad7 - std::sys_common::backtrace::print::h00d3155a29b4020f
Nov 30 21:15:25.775 INFO [stderr]                                at libstd/sys_common/backtrace.rs:71
Nov 30 21:15:25.775 INFO [stderr]                                at libstd/sys_common/backtrace.rs:59
Nov 30 21:15:25.775 INFO [stderr]    2:     0x56016c63299f - std::panicking::default_hook::{{closure}}::hd7465c742e79e1bb
Nov 30 21:15:25.775 INFO [stderr]                                at libstd/panicking.rs:211
Nov 30 21:15:25.775 INFO [stderr]    3:     0x56016c632704 - std::panicking::default_hook::h9e3966f2aa2a6e12
Nov 30 21:15:25.775 INFO [stderr]                                at libstd/panicking.rs:227
Nov 30 21:15:25.775 INFO [stderr]    4:     0x56016c632fce - std::panicking::rust_panic_with_hook::h587f091ae747d080
Nov 30 21:15:25.775 INFO [stderr]                                at libstd/panicking.rs:476
Nov 30 21:15:25.775 INFO [stderr]    5:     0x56016c605883 - std::panicking::begin_panic::h03cdb516ffc5f784
Nov 30 21:15:25.775 INFO [stderr]                                at libstd/panicking.rs:410
Nov 30 21:15:25.775 INFO [stderr]    6:     0x56016c603948 - build_script_build::main::h36944a4e267b7477
Nov 30 21:15:25.776 INFO [stderr]                                at /cargo-home/registry/src/github.com-1ecc6299db9ec823/pear_codegen-0.0.20/build.rs:31
Nov 30 21:15:25.776 INFO [stderr]    7:     0x56016c60616f - std::rt::lang_start::{{closure}}::h5e49a6fd7616e446
Nov 30 21:15:25.776 INFO [stderr]                                at libstd/rt.rs:74
Nov 30 21:15:25.776 INFO [stderr]    8:     0x56016c632a42 - std::panicking::try::do_call::h52e7f80ff0fdcc45
Nov 30 21:15:25.776 INFO [stderr]                                at libstd/rt.rs:59
Nov 30 21:15:25.776 INFO [stderr]                                at libstd/panicking.rs:310
Nov 30 21:15:25.776 INFO [stderr]    9:     0x56016c644a89 - __rust_maybe_catch_panic
Nov 30 21:15:25.776 INFO [stderr]                                at libpanic_unwind/lib.rs:102
Nov 30 21:15:25.776 INFO [stderr]   10:     0x56016c62275a - std::rt::lang_start_internal::h38cae898de7f805c
Nov 30 21:15:25.776 INFO [stderr]                                at libstd/panicking.rs:289
Nov 30 21:15:25.776 INFO [stderr]                                at libstd/panic.rs:392
Nov 30 21:15:25.776 INFO [stderr]                                at libstd/rt.rs:58
Nov 30 21:15:25.776 INFO [stderr]   11:     0x56016c606148 - std::rt::lang_start::hf3588cfe9ea8870a
Nov 30 21:15:25.776 INFO [stderr]                                at libstd/rt.rs:74
Nov 30 21:15:25.776 INFO [stderr]   12:     0x56016c604819 - main
Nov 30 21:15:25.776 INFO [stderr]   13:     0x7fe94683c82f - __libc_start_main
Nov 30 21:15:25.776 INFO [stderr]   14:     0x56016c603228 - _start
Nov 30 21:15:25.776 INFO [stderr]   15:                0x0 - <unknown>
Nov 30 21:15:25.776 INFO [stderr] 
Nov 30 21:15:25.776 INFO [stderr] warning: build failed, waiting for other jobs to finish...
Nov 30 21:15:25.855 INFO [stderr] error: failed to run custom build command for `rocket_codegen v0.3.16`
Nov 30 21:15:25.855 INFO [stderr] process didn't exit successfully: `/target/debug/build/rocket_codegen-4a5b65214453c03c/build-script-build` (exit code: 101)
Nov 30 21:15:25.855 INFO [stderr] --- stderr
Nov 30 21:15:25.855 INFO [stderr] [1;31mError:[0m [37mRocket requires a nightly or dev version of Rust.[0m
Nov 30 21:15:25.855 INFO [stderr] [37mInstalled version is:[0m [33m1.31.0-beta.20 (2018-11-30)[0m. [37mMinimum required:[0m [33m1.30.0-nightly (2018-08-23)[0m.
Nov 30 21:15:25.855 INFO [stderr] [34mSee the getting started guide ([0m[37mhttps://rocket.rs/guide/getting-started/[0m[34m) for more information.[0m
Nov 30 21:15:25.855 INFO [stderr] thread 'main' panicked at 'Aborting compilation due to incompatible compiler.', /cargo-home/registry/src/github.com-1ecc6299db9ec823/rocket_codegen-0.3.16/build.rs:38:17
Nov 30 21:15:25.855 INFO [stderr] stack backtrace:
Nov 30 21:15:25.855 INFO [stderr]    0:     0x56300932632f - std::sys::unix::backtrace::tracing::imp::unwind_backtrace::h3a8b83e1922cbdde
Nov 30 21:15:25.855 INFO [stderr]                                at libstd/sys/unix/backtrace/tracing/gcc_s.rs:49
Nov 30 21:15:25.855 INFO [stderr]    1:     0x563009331d07 - std::sys_common::backtrace::print::h00d3155a29b4020f
Nov 30 21:15:25.855 INFO [stderr]                                at libstd/sys_common/backtrace.rs:71
Nov 30 21:15:25.855 INFO [stderr]                                at libstd/sys_common/backtrace.rs:59
Nov 30 21:15:25.855 INFO [stderr]    2:     0x56300932abcf - std::panicking::default_hook::{{closure}}::hd7465c742e79e1bb
Nov 30 21:15:25.855 INFO [stderr]                                at libstd/panicking.rs:211
Nov 30 21:15:25.855 INFO [stderr]    3:     0x56300932a934 - std::panicking::default_hook::h9e3966f2aa2a6e12
Nov 30 21:15:25.855 INFO [stderr]                                at libstd/panicking.rs:227
Nov 30 21:15:25.855 INFO [stderr]    4:     0x56300932b1fe - std::panicking::rust_panic_with_hook::h587f091ae747d080
Nov 30 21:15:25.855 INFO [stderr]                                at libstd/panicking.rs:476
Nov 30 21:15:25.855 INFO [stderr]    5:     0x5630092fdab3 - std::panicking::begin_panic::h637cf6c246413594
Nov 30 21:15:25.855 INFO [stderr]                                at libstd/panicking.rs:410
Nov 30 21:15:25.855 INFO [stderr]    6:     0x5630092fbb84 - build_script_build::main::h2c72fd58a9234470
Nov 30 21:15:25.855 INFO [stderr]                                at /cargo-home/registry/src/github.com-1ecc6299db9ec823/rocket_codegen-0.3.16/build.rs:38
Nov 30 21:15:25.855 INFO [stderr]    7:     0x5630092fe39f - std::rt::lang_start::{{closure}}::hfe557982ab535bc0
Nov 30 21:15:25.855 INFO [stderr]                                at libstd/rt.rs:74
Nov 30 21:15:25.855 INFO [stderr]    8:     0x56300932ac72 - std::panicking::try::do_call::h52e7f80ff0fdcc45
Nov 30 21:15:25.855 INFO [stderr]                                at libstd/rt.rs:59
Nov 30 21:15:25.855 INFO [stderr]                                at libstd/panicking.rs:310
Nov 30 21:15:25.855 INFO [stderr]    9:     0x56300933ccb9 - __rust_maybe_catch_panic
Nov 30 21:15:25.855 INFO [stderr]                                at libpanic_unwind/lib.rs:102
Nov 30 21:15:25.855 INFO [stderr]   10:     0x56300931a98a - std::rt::lang_start_internal::h38cae898de7f805c
Nov 30 21:15:25.855 INFO [stderr]                                at libstd/panicking.rs:289
Nov 30 21:15:25.855 INFO [stderr]                                at libstd/panic.rs:392
Nov 30 21:15:25.855 INFO [stderr]                                at libstd/rt.rs:58
Nov 30 21:15:25.855 INFO [stderr]   11:     0x5630092fe378 - std::rt::lang_start::h04f69d23836a7815
Nov 30 21:15:25.855 INFO [stderr]                                at libstd/rt.rs:74
Nov 30 21:15:25.855 INFO [stderr]   12:     0x5630092fca49 - main
Nov 30 21:15:25.855 INFO [stderr]   13:     0x7effc06d682f - __libc_start_main
Nov 30 21:15:25.855 INFO [stderr]   14:     0x5630092fb228 - _start
Nov 30 21:15:25.855 INFO [stderr]   15:                0x0 - <unknown>
Nov 30 21:15:25.855 INFO [stderr] 
Nov 30 21:15:25.855 INFO [stderr] warning: build failed, waiting for other jobs to finish...
Nov 30 21:15:38.476 INFO [stderr] error: build failed
Nov 30 21:15:38.483 INFO [stderr] su: No module specific data is present
Nov 30 21:15:39.731 INFO running `"docker" "inspect" "04bcb2256124aaae0addcf83ab32b44526330c72e6f237beb430e2b78d179ba2"`
Nov 30 21:15:40.179 INFO running `"docker" "rm" "-f" "04bcb2256124aaae0addcf83ab32b44526330c72e6f237beb430e2b78d179ba2"`
Nov 30 21:15:40.494 INFO [stdout] 04bcb2256124aaae0addcf83ab32b44526330c72e6f237beb430e2b78d179ba2
